{"id":7,"date":"2021-10-23T20:06:16","date_gmt":"2021-10-23T20:06:16","guid":{"rendered":"https:\/\/arafo.es\/comerciosarafo\/terminos-y-condiciones\/"},"modified":"2021-11-25T10:55:55","modified_gmt":"2021-11-25T10:55:55","slug":"terminos-y-condiciones","status":"publish","type":"page","link":"https:\/\/arafo.es\/comerciosarafo\/terminos-y-condiciones\/","title":{"rendered":"T\u00e9rminos y condiciones"},"content":{"rendered":"\n<p><\/p>\n\n\n\n<div style=\"height:45px\" aria-hidden=\"true\" class=\"wp-block-spacer\"><\/div>\n\n\n\n<p style=\"font-size:18px\">El Ayuntamiento de Arafo no se responsabiliza \u00a0de la incorrecta utilizaci\u00f3n que por parte de los usuarios de internet realicen de la informaci\u00f3n o contenidos del sitio web, siendo exclusiva responsabilidad del usuario que accede al mismo o lo utilize.<\/p>\n\n\n\n<p><\/p>\n\n\n\n<div style=\"height:44px\" aria-hidden=\"true\" class=\"wp-block-spacer\"><\/div>\n\n\n\n<p style=\"font-size:18px\">El usuario se compromete a utilizar&nbsp;este servicio sin incurrir en actividades que puedan ser consideradas ilicitas o ilegales, que vulneren los derechos e intereses de nuestra organizaci\u00f3n. El usuario reconoce que puedan aparecer en nuestra pagina web, se hace con el simple eco de informar al visitante sobre la existencia de otras fuentes de informaci\u00f3n, donde podra ampliar los datos ofrecidos por nuestra pagina web.<\/p>\n\n\n\n<p><\/p>\n\n\n\n<div style=\"height:47px\" aria-hidden=\"true\" class=\"wp-block-spacer\"><\/div>\n\n\n\n<p style=\"font-size:18px\">De acuerdo a la normativa vigente en materia de protecci\u00f3n de datos, el usuario acepta que los datos personales aportados en el momento de su registro, o cualquier otro facilitado a comerciosdearafo sean incorporados a ficheros titularidad de esta empresa, con la finalidad &nbsp;de facilitar la prestaci\u00f3n de los servicios solicitados, gestion de tareas basicas de administraci\u00f3n, asi como para mantenerle informado por correo electronico, tel\u00e9fono o redes sociales de las ultimas novedades, productos o servicios relacionados con esta actividad.<\/p>\n","protected":false},"excerpt":{"rendered":"<p>El Ayuntamiento de Arafo no se responsabiliza \u00a0de la incorrecta utilizaci\u00f3n que por parte de los usuarios de internet realicen de la informaci\u00f3n o contenidos del sitio web, siendo exclusiva responsabilidad del usuario que accede al mismo o lo utilize. El usuario se compromete a utilizar&nbsp;este servicio sin incurrir en actividades que puedan ser consideradas<a class=\"moretag\" href=\"https:\/\/arafo.es\/comerciosarafo\/terminos-y-condiciones\/\"> Read more&#8230;<\/a><\/p>\n","protected":false},"author":1,"featured_media":0,"parent":0,"menu_order":0,"comment_status":"closed","ping_status":"closed","template":"page_full-width.php","meta":[],"_links":{"self":[{"href":"https:\/\/arafo.es\/comerciosarafo\/wp-json\/wp\/v2\/pages\/7"}],"collection":[{"href":"https:\/\/arafo.es\/comerciosarafo\/wp-json\/wp\/v2\/pages"}],"about":[{"href":"https:\/\/arafo.es\/comerciosarafo\/wp-json\/wp\/v2\/types\/page"}],"author":[{"embeddable":true,"href":"https:\/\/arafo.es\/comerciosarafo\/wp-json\/wp\/v2\/users\/1"}],"replies":[{"embeddable":true,"href":"https:\/\/arafo.es\/comerciosarafo\/wp-json\/wp\/v2\/comments?post=7"}],"version-history":[{"count":0,"href":"https:\/\/arafo.es\/comerciosarafo\/wp-json\/wp\/v2\/pages\/7\/revisions"}],"wp:attachment":[{"href":"https:\/\/arafo.es\/comerciosarafo\/wp-json\/wp\/v2\/media?parent=7"}],"curies":[{"name":"wp","href":"https:\/\/api.w.org\/{rel}","templated":true}]}}